et p(v) be the first derivative of v**3/3 + v**2 + v + 53. What is p(-3)?
4
Let r(o) = -o**2 + 5*o - 2. Let v be r(5). Let y = 0 + 3. Let n = v + y. Let h(b) = 12*b**3 - 1. What is h(n)?
11
Let i be (2/(-5))/((-2)/5). Let r(o) = 5*o**2 + 3*o - 2. Let m be r(i). Suppose -2 = -m*l + 10. Let w(v) = 3*v + 2. What is w(l)?
8
Let n(u) = -u**3 + 30*u**2 - 4. Let z be n(30). Let r(s) = -s - 5. Give r(z).
-1
Let y(q) = 14 - 5 + 1433*q - 1431*q. What is y(-5)?
-1
Let t(x) be the second derivative of -x**5/20 + x**4/4 + x**3/6 - x**2 + 74*x. Calculate t(4).
-14
Let w(m) = 4*m. Suppose 10*l = 6*l + 12. Suppose -3*n + 1 = -5*s, -s = -l*s + n. Determine w(s).
4
Let i(k) = -21*k**3 + 3*k**2 - 6*k - 5. Let g(v) = -17*v**3 + 4*v**2 - 6*v - 5. Let l(p) = 5*g(p) - 4*i(p). What is l(7)?
2
Let m(n) = n**3 + n**2 - 2*n + 5. Suppose 20*k + 153 - 153 = 0. Give m(k).
5
Let j(w) = w + 10. Suppose -79*u = -82*u - 9. Determine j(u).
7
Suppose -2*b - 6 = b. Suppose 2*d - 2*d + 3*d = 0. Let h = d + b. Let f(j) = j**2 + j - 1. Give f(h).
1
Let t(d) be the first derivative of 3*d + 4 - 1/4*d**4 + 0*d**2 + 4/3*d**3. Give t(4).
3
Let o(m) be the second derivative of -m**4/24 - 2*m**3/3 - 5*m**2/2 - 4*m. Let c(v) be the first derivative of o(v). Suppose 0 = -2*f + 1 - 15. Give c(f).
3
Let w(j) be the second derivative of -j**3/6 - 3*j**2/2 - 145*j. Give w(-14).
11
Suppose 0 = 6*b - b - 640. Let t = b + -129. Let v(w) = -14*w - 1. What is v(t)?
13
Let f(d) = d**3 + 2086 + 2078 - 4181 + 13*d**2 + 10*d. Calculate f(-12).
7
Let t(u) be the first derivative of -2*u**3/3 + 4*u**2 - 6*u - 579. Give t(3).
0
Let i(y) = -y**3 - 5*y**2 - y - 2. Suppose -2*l = 3 - 7. Suppose -2*u + l*h = 4, -2*u = 2*h + 14 - 2. What is i(u)?
-14
Let g(t) = -t**3 - 10*t**2 + 11*t - 6. Suppose -10*o + o - 99 = 0. Let a be g(o). Let y(k) = k**3 + 5*k**2 - 5*k - 4. Determine y(a).
-10
Let v(t) = t**3 - 16*t**2 + 12*t + 1. Let k be 46/3 + ((-418)/66 - -6). Calculate v(k).
-44
Let x = 4 - -23. Let v = x - 13. Let c be 60/v + 4/(-14). Let d(b) = -b**3 + 5*b**2 - 3*b - 2. Determine d(c).
2
Suppose 5*s + 5*o - 30 = 0, -2*o + 2 = -6. Suppose 0 = -s*x - 10, 4*m = 2*x - 6 + 20. Let l be m/(-2*3/(-30)). Let j(v) = v**2 - 3*v - 1. Give j(l).
9
Let y(p) = -7 - 52*p + 8*p**2 - 7*p**2 + 55*p. Calculate y(-5).
3
Let m(y) be the third derivative of -y**5/60 + 7*y**4/24 + y**3 - 238*y**2. Let s be -2 + 9 + (-1 - -2). Calculate m(s).
-2
Let a(b) = -4*b**3 + b**2 - 5*b - 6. Let s(h) = -5*h**3 + h**2 - 6*h - 7. Let u(y) = 6*a(y) - 5*s(y). Calculate u(-1).
-1
Let o be -1 + 7/((-7)/(-3)). Let j = 19 - 16. Let r(x) = -10 + 12 - x - j*x + x + x**3. Give r(o).
4
Let x(v) = v**2 + 7*v - 1. Let m be x(-7). Suppose 2*a + 20 - 54 = 0. Let i(n) = -a*n + 27*n + 3 - 3. Give i(m).
-10
Let l(k) = -k**3 + 4*k**2 + 10*k - 13. Let y be l(6). Let w(p) = -p**2 - 24*p + 13. What is w(y)?
-12
Let x(w) be the third derivative of -w**4/24 + 2*w**3 - 16*w**2 - 5. Calculate x(11).
1
Suppose 2*c + 3 = -g + 4, 0 = 5*g + 5. Let k(u) = 2 + 1 - 1 - c - u. Determine k(-3).
4
Let o(t) = 119*t - 2742. Let m be o(23). Let z(k) = 2*k + 1. Let n(a) = -a. Let y(s) = -3*n(s) - z(s). What is y(m)?
-6
Let u(y) = 3*y - 2. Suppose -8*v + 7*v - 4*i + 12 = 0, -4*v + 14 = -i. Give u(v).
10
Suppose -5*s = -s - 32. Let z = s + -7. Let r(k) = 3*k**2 - z + 22*k - 26*k - 2*k**2. What is r(2)?
-5
Let o(p) be the third derivative of 0*p + 0 + 5/6*p**3 - 6*p**2 - 1/24*p**4 + 1/40*p**5. Let n(y) be the first derivative of o(y). What is n(2)?
5
Suppose -3*j - 45 = -6*j. Let u = 8 - j. Let h(y) = y**3 + 11*y**2 + 8*y - 2. Let t(w) = w**3 + 12*w**2 + 9*w - 2. Let x(o) = -4*h(o) + 3*t(o). Calculate x(u).
-12
Suppose 5*b + b - 42 = 0. Let r(w) = w + w + b + 6. Let k be r(-8). Let t(z) = z**2 - z - 1. What is t(k)?
11
Let i = 347 - 344. Suppose -h + 0 + 1 = 0. Let t(z) = -5*z - 11 - z**i - h + 8 + 6*z**2. Give t(5).
-4
Let d(s) = 3*s + 2*s**2 - 14*s**2 + 233*s**3 - 235*s**3 + 9. What is d(-6)?
-9
Let d be 20/3 + -8 + (-125)/(-15). Let z(n) = -n - 1. Let l(j) = 5*j - 5. Let k(f) = -l(f) - 4*z(f). Give k(d).
2
Suppose 2*y - 11 = -3*p + 3*y, 2*p - y - 7 = 0. Suppose p*v - 6*v = -10. Let a(m) = m**3 - 5*m**2 + m - 2. Calculate a(v).
3
Let o(q) = -2*q + q + 0*q. Suppose 4*u = u. Let s be o(u). Let a(n) = n**2 + n. Calculate a(s).
0
Suppose 8 = 9*p - 55. Let a(j) = j - 1. Give a(p).
6
Let q(k) = k**3 - 5*k**2 - k. Let s = 12 + -7. Give q(s).
-5
Let l(f) = -f + 1. Let m(s) = -s + 1. Let o(d) = 5*l(d) - 6*m(d). Suppose 2*y = 10, n + y - 4 - 4 = 0. Let v be (-3)/n + 4*1. Calculate o(v).
2
Let a(w) = -w**2 - w - 4. Let b(h) = 4*h**2 + 6*h + 22. Let j(c) = 5*a(c) + b(c). Let i(l) = l**3 - 3*l**2 + 3*l - 2. Let p be i(2). Calculate j(p).
2
Let n(s) = 2*s + 4. Let j be 1/(-2 + -3 + 4). Let z be (j - -2) + (4 - 5) + 3. What is n(z)?
10
Let s(v) = v**2 + 4*v - 2. Suppose 4*b - 3 = 73. Let n(h) = h - 22. Let r be n(b). Determine s(r).
-5
Let n = 2 - 5. Let a = n - -8. Let r(d) = 12*d**2 + a - 7*d - 2 - 7*d**2 - 6*d**2. What is r(-6)?
9
Let u(f) be the first derivative of 2*f**4 - f**2/2 - 1. Suppose k = -4*s - 46, s - 32 = 3*s + 5*k. Let t = -10 - s. What is u(t)?
7
Let t be ((-14)/(-7))/(2/5 + 0). Suppose -5*o = -p - o - 20, t*p - 4*o = -20. Let l(d) = -d**2 - d + 4. Calculate l(p).
4
Let t be (6/5)/(53/(-265)). Let i(r) = -6 + 4*r + 0*r**2 + 1 + r**2. Give i(t).
7
Suppose 8 = -4*z + 4*k, 4*z - 19 = -k - 47. Let n(l) = -l**2 - 4*l - 2. Determine n(z).
-14
Let i(v) = 67*v**2 - 36*v**2 - 1 + 9*v**3 - 32*v**2 + 2*v - v**3. Suppose -3*p - p = -4. Determine i(p).
8
Let o(j) = -2 + 0 - j + 0*j. Let y(k) = -3*k**2 - 11*k + k - 30 + k + 24. Let c be y(-3). Determine o(c).
4
Let c(v) = v**2 + 2*v - 4. Suppose -2*i = 0, -5*w = 3*i + 5 - 0. Let k be w/((-4)/(36/3)). Give c(k).
11
Let u(y) be the second derivative of -3/2*y**2 - 1/6*y**3 - 4*y + 0. What is u(-4)?
1
Let g(x) = x + 1. Let v be -2*-1*1/2. Let i be (-2 - ((-12)/3 - 0)) + 1. Suppose -19 + v = -i*j. What is g(j)?
7
Let n be 9 + (0 + 1)*-1. Suppose -10 = 4*v - 6*v - 5*c, 5*v - n = -4*c. Let k(u) be the first derivative of u**4/4 + u**2/2 + u + 2. Calculate k(v).
1
Suppose 4*d = -20, 2*d + 0*d + 15 = 5*p. Let s(q) = q**2 + q - 1. Let w(u) = 3*u**2 - 3*u + 1. Let k(h) = p*w(h) - 2*s(h). What is k(5)?
3
Suppose n = 4*u - 18, -2*n - 2*u + 3*u = 1. Let k(l) be the first derivative of n*l + 0*l**2 + 2/3*l**3 - 3. Determine k(2).
10
Let c(j) = j - 5. Let s = -140 + 98. Let d = 36 + s. Determine c(d).
-11
Let c = 131 + -129. Let b be ((-2)/(-12))/(c/(-16))*-3. Let s(m) = m**2 - 2*m. Determine s(b).
8
Let r(j) = -3*j**3 + 23*j**2 + 4 - 13*j**2 - 16*j + 2*j**3. Let u be r(8). Let o(b) = b + 4. Let k(w) = 4*w + 16. Let i(c) = 2*k(c) - 9*o(c). Calculate i(u).
-8
Let h(g) = -3*g + 2 - 2*g**2 - 1 - 2. Suppose 3*v = 2*o + 22, -4*o + 2*v - 24 = v. Let f(l) = 4*l + 17. Let n be f(o). Calculate h(n).
-10
Let x(t) be the second derivative of t**3/6 - 11*t**2/2 - 33*t - 2. Let i(u) = -u**3 + 5*u**2 - 3*u + 2. Let l be i(2). Give x(l).
-3
Let u be 4/6 - (-39)/9. Let h(n) be the second derivative of -n**5/60 + n**4/4 - n**3 - 6*n. Let x(j) be the second derivative of h(j). Give x(u).
-4
Let g(k) = -k + 1. Let v(u) = 4*u - 3. Let n = 18 + -17. Let a(m) = n*v(m) + 6*g(m). Give a(-3).
9
Let c = 8 + -12. Let g(b) be the first derivative of -b**3/3 - b**2/2 - 2*b - 559. Calculate g(c).
-14
Suppose -8 = -v - 5*s + 24, 3*v - 24 = 3*s. Suppose 0*b - v = -3*b. Let c(p) = 865*p**2 + 4*p + 867*p**2 + 860*p**2 - 2593*p**2. Calculate c(b).
0
Let j = 79 + -52. Let w be j/5 - (-12)/20. Let k(x) = -2 - 1 + x - 4. Calculate k(w).
-1
Let d be (-1 - -7)*(-1)/(-3). Let a = d + 0. Let j(z) = -6*z + 4. Let p(i) = 13*i - 9. Let w(q) = -7*j(q) - 3*p(q). Calculate w(a).
5
Let i(z) = -6*z**2 + z - 1. Let k be i(1). Suppose 3*y - 4 = -1. Let u(x) = 1 - y - 22*x + 23*x - 2. Calculate u(k).
-8
Let s(u) = -u**2 - u - 1. Let r(m) be the second derivative of -m**5/20 - m**4/12 - m**3/6 - m**2/2 - 25*m. Let x(a) = r(a) - s(a). Calculate x(-1).
1
Suppose j = 5*g - 3*j - 50, -5*j = -5*g + 45. Let n = g - 12. Suppose 8 - 4 = 4*b - 5*o, -n*o - 4 = -4*b. Let z(u) = 9*u**3 + u**2 - 2*u + 1. Determine z(b).
9
Let k(c) = 2*c**3 + 2*c**2 + 3*c + 4. Let h be k(-2). Let f be ((-35)/10)/(3 + h/4). Let v(w) = w**2 +